) + 5. Suppose -h*r = -2*v + 26, 0*v = -5*v - 3*r + 130. What are the prime factors of v?
23
Let x be (14/3)/(1/(-3)). Let g = -10 - x. Let n = -1 + g. List the prime factors of n.
3
Suppose -2*v + 201 - 17 = 0. What are the prime factors of v?
2, 23
Let c(m) = -3*m + 2. Let y(q) = -7*q + 5. Let h(p) = -9*c(p) + 4*y(p). What are the prime factors of h(-10)?
2, 3
Let b(q) = q**2 + 4*q. Let j be (-94)/(-10) + 9/15. Let a = j + -16. What are the prime factors of b(a)?
2, 3
Let z(m) be the first derivative of 11*m**4/12 + m**3/6 + 2*m + 4. Let u(i) be the first derivative of z(i). List the prime factors of u(1).
2, 3
Suppose -x + 6*x = -2*z - 7, 0 = -z - 3*x - 5. Let s(i) be the second derivative of i**3/2 - 5*i**2/2 - i. List the prime factors of s(z).
7
Suppose -3*h - 412 = 74. Let q = -105 - h. List the prime factors of q.
3, 19
What are the prime factors of (550/(-4))/(-5)*4?
2, 5, 11
Let s be 0*3/((-9)/(-3)). Let w be (-18)/(1/(-1 - s)). Let y = 29 - w. What are the prime factors of y?
11
Let b be (-12)/21*21/(-6). Suppose -z + 26 = b*f + 3*z, 0 = 4*f - 4*z - 64. What are the prime factors of f?
3, 5
List the prime factors of ((-9)/6)/((-5)/230).
3, 23
Suppose 5*p - p = 780. Suppose -5*r + p = 4*h, 3*h = r - 18 - 2. Suppose -5*q = 5*y - r, -32 = -y + q + 3*q. What are the prime factors of y?
2, 3
Let v(n) = 5 + 0*n + 0*n + 5 + n. Let b(c) = 2*c + 10. Let y(j) = -2*b(j) + 3*v(j). What are the prime factors of y(8)?
2
Let h be 4 - 12 - (-2)/(-2). What are the prime factors of (-1 - h/6)*36?
2, 3
Let z(l) = -3*l + l + l**2 + l + 0*l + 1. Let i be z(2). Let r(w) = w**2 - w + 2. List the prime factors of r(i).
2
Suppose -10*g + 11*g = 105. What are the prime factors of g?
3, 5, 7
Let m = 29 - 16. Let c(n) = -n**2 + 4*n - 5. Let b be c(4). Let z = m + b. List the prime factors of z.
2
Let f = 59 - 109. Let b = -36 - f. What are the prime factors of b?
2, 7
Suppose 0 = -2*x - 0*x - 3*q + 127, 0 = 2*x - 3*q - 97. Suppose -4*t = -4*y - 0*t + x, 0 = -5*y - 5*t + 30. List the prime factors of y.
2, 5
Let g = -46 + -37. Let q = g + 161. Suppose -5*b - 37 = -3*k, -5*k + q = -2*b + 10. List the prime factors of k.
2, 7
Suppose 0 = -5*y + a + 1430, 0*y - 3*y + 870 = -3*a. What are the prime factors of y?
3, 5, 19
Suppose 3*f - 3*t - 384 = 0, -5*f + 455 = t - 179. What are the prime factors of f?
127
Let u(p) = p - 4. Let a(c) = c**3 - 7*c**2 - 6*c - 10. Let s be a(8). Let i be u(s). List the prime factors of (0 - i)/((-8)/12).
3
Let r(u) = u**3 + 23*u**2 + 18*u + 17. List the prime factors of r(-22).
3, 5, 7
Let u be 170/6 + 4/(-12). Suppose 5*w - 3*l - 43 = -2*l, 4*l + u = 2*w. Suppose j - w = -0*j. What are the prime factors of j?
2
Let p(u) = -5*u - 11 + 17 + u + u**2. What are the prime factors of p(8)?
2, 19
Let g be (-1544)/(-32) - (-2)/(-8). Suppose -3*o = 4*u - g, 4*o - 32 = 2*o + u. What are the prime factors of o?
2
Let b be 15/30*(-12)/(-2). Suppose 0 = -5*s + n + 2*n - 15, -s + 3*n - 15 = 0. What are the prime factors of s + (b*-18)/(-3)?
2, 3
Suppose 3 = -2*c + 7. Suppose -2*p - k = 2*p - 28, 5*k + 36 = c*p. List the prime factors of p.
2
Let x(m) = m**3 + m - 2. Let b be (-6)/(-9) - 8/(-6). List the prime factors of x(b).
2
Suppose -3*y = -2*y - 165. List the prime factors of y.
3, 5, 11
Suppose 3*m + 3*d - 15 = 0, 17 = m - d + 6. Suppose -2*v + m = -v. Let q = -1 + v. What are the prime factors of q?
7
Suppose 3*v - 232 = -4*u, 3*v - 247 = 3*u - 4*u. Suppose 4*o + 24 = v. List the prime factors of o.
3, 5
Suppose 2*d = 3*i - 15, -20 = -3*i + 4*d + 1. Suppose 27 = 4*v - i*a, 5*v + 0*a - 42 = a. Suppose -v = -0*f - f. What are the prime factors of f?
3
Suppose -40*p + 402 = -34*p. What are the prime factors of p?
67
Let f = 12 + 4. What are the prime factors of f?
2
Suppose 4*z + b = 425, -3*b + 550 = 5*z + 2*b. What are the prime factors of z?
3, 5, 7
Suppose -4*z - 7 = -27. Let k(t) be the second derivative of -t**5/20 + t**4/2 - t**3/6 - 3*t**2 - t. List the prime factors of k(z).
2, 7
Let p be 3/(-9) + (-76)/(-3). Let i = p + -9. List the prime factors of i.
2
Suppose -r - 5*y + 2 = 0, -4*r - 2*y + 8 = y. Suppose -4*p + r*p + 8 = 0. Suppose j + p*j - 26 = -3*x, 2*j = -3*x + 23. What are the prime factors of x?
7
Let j = 23 - -7. What are the prime factors of j?
2, 3, 5
Suppose 0*c + 4 = c. Suppose -101 = c*z + i, 0 = 4*z - 2*i - i + 97. Let y = z - -40. What are the prime factors of y?
3, 5
Let i be (3/9)/(2/12). Suppose 0 = z + i*t - 7*t, 2*z - 3*t - 28 = 0. Suppose -2*a + z = 3*a. What are the prime factors of a?
2
Suppose -3*g = g - 20. Let v = 9 - g. Suppose 5*t = v*t + 10. What are the prime factors of t?
2, 5
Let l = -3 - -2. Let z be 16/12*6/8. What are the prime factors of -1 - (3*l)/z?
2
Let y(m) = -m**2 + 8*m - 4. Let t be y(7). Suppose g + 51 = t*g + 3*o, 3*o = -g + 21. Suppose w = -w + g. What are the prime factors of w?
3, 5
Let t(a) = -2*a**2 - 24*a - 5. List the prime factors of t(-11).
17
Let z = -1 + 1. Suppose -2*r - 1 - 7 = 4*y, z = -4*r + y + 2. Suppose -4*b + 9*b - 40 = r. What are the prime factors of b?
2
Suppose 0 = 3*t + 3, -3*m + 347 - 51 = t. List the prime factors of m.
3, 11
Let d(g) = -13*g - 1 + 1 + 0. What are the prime factors of d(-1)?
13
Let f = 19 + -17. Suppose -59 = -c + 3*n - 6*n, -4*n = f*c - 112. List the prime factors of c.
2, 5
Let f(a) = -a**3 + 4*a**2 - 4*a + 4. Let m be f(4). Let g = m + 17. List the prime factors of g.
5
Suppose -a = 3*z - z - 1, 0 = -2*a - 6. Suppose -13 = -5*s + z. What are the prime factors of s?
3
Let w(v) = v. Suppose 0 = 3*c + 3*d - 9, 9 = -4*c - d + 4*d. Suppose c = 5*x + 15, -j + 52 = 4*j - 4*x. What are the prime factors of w(j)?
2
What are the prime factors of (-6)/3*(-4 - -1)*14?
2, 3, 7
Suppose x - 5 = 138. Suppose 119 = 4*f + 2*i + i, 5*f - 2*i = x. List the prime factors of f.
29
Let h(g) = 11*g**3 + 3*g**2 - 2*g + 1. What are the prime factors of h(3)?
11, 29
Let b = 21 + 70. What are the prime factors of b?
7, 13
Let a = 18 - 9. Let w(p) be the second derivative of p**3/3 - 3*p**2 + p. List the prime factors of w(a).
2, 3
Suppose -3*x + 25 = -14. Suppose 3 + x = -4*f. What are the prime factors of (-10)/(f + 1 - -1)?
5
Let p(i) be the second derivative of i**5/20 + i**4/12 + i**3/6 + 9*i**2/2 + 3*i. What are the prime factors of p(0)?
3
Let x(o) be the third derivative of o**6/120 + 7*o**5/60 - 5*o**4/12 - o**3 - 5*o**2. List the prime factors of x(-8).
2, 5
Let y = 35 - -4. List the prime factors of y.
3, 13
Let d be 7/(-28) - (-41)/4. Let r(a) = -a**3 + 11*a**2 - 7*a - 10. What are the prime factors of r(d)?
2, 5
Suppose 3*g - 18 = 2*g. Suppose 0 = 5*o + 25, 2*q - 31 = o + g. Suppose -67 = -5*u - q. What are the prime factors of u?
3
Suppose -6 = 3*o - 5*o. Let k(m) = 12*m - 1 - 3*m**3 - 9*m**2 - 3*m + 4*m**o. List the prime factors of k(8).
7
Let m be 2 + 0 + (0 - -1). Let c(p) = p**3 - 2*p**2 - 3*p + 1. Let b be c(m). Let i = 2 + b. What are the prime factors of i?
3
Let f(g) = g + 9. Let n be f(-8). Let u be -8*n*2/(-4). What are the prime factors of u/(-10) + 12/5?
2
Suppose -f - 3 = -4*x - x, -3*f + 8 = 2*x. Let m = f - 0. List the prime factors of m.
2
Let t = -89 - -352. What are the prime factors of t?
263
Let f be (2 + 12/(-9))*36. Suppose -2*r - 4*r = -f. List the prime factors of r.
2
Suppose 3*r - 15 = 0, 4*g + 0*g - 215 = 5*r. What are the prime factors of g?
2, 3, 5
Let v(h) = -h**2 - 10*h - 4. Let f be v(-9). Suppose 4*i + j - 31 = 0, f*i + j = -4*j + 35. What are the prime factors of i?
2
What are the prime factors of 1/1*(1 + 45)?
2, 23
Let u(x) be the second derivative of x**5/60 + 5*x**4/24 - 2*x**3/3 + x**2/2 + 3*x. Let m(j) be the first derivative of u(j). List the prime factors of m(-6).
2
Let u = 25 - 15. Suppose 9*d - 4*d - u = 0. Suppose -1 = -q + d. List the prime factors of q.
3
Let v be (-3 - -1) + (0 - -10). Let m(x) = 7 + v - 5 - 5 + 2*x. What are the prime factors of m(7)?
19
Let a(y) = 2*y**3 - 3*y**2 + y - 1. Let g be a(2). Let k = g + 0. What are the prime factors of k?
5
What are the prime factors of ((-164)/6)/((-16)/24)?
41
Suppose 4*a = -5*q + 3*q + 366, -2*q + 4*a + 366 = 0. List the prime factors of q.
3, 61
Suppose 0 = -19*i + 17*i + 56. What are the prime factors of i?
2, 7
What are the prime factors of 634/(-4)*(